3*84/(-8). Suppose 0 = -x*k + 6*k + 3. Suppose -5*s + r = -k, 2*r - 5 = -3*s + r. What is the units digit of s?
1
Let a = -14225 + 28942. What is the thousands digit of a?
4
Suppose 5*i = d - 3, -2*d + 46 = 2*i - 20. Let b = 13 - d. Let v = b - -24. What is the units digit of v?
9
Let f = 118721 + -81272. What is the tens digit of f?
4
Suppose 0 = 6*y - 67187 - 22303. What is the ten thousands digit of y?
1
Let o(m) = -428*m**2 - 3*m - 6. Let a be o(6). Let r be a/7 + 15/(-35). What is the hundreds digit of 1/((-2)/(-9) - r/(-10287))?
1
Let j be -1380*(-7 + (2 - -3))/5. Suppose 635 = 2*r - 3*c - j, -r - c = -586. What is the units digit of r?
9
Suppose -3*k = 3*f - 89007, f - 171*k + 166*k - 29693 = 0. What is the hundreds digit of f?
6
Let y = 8128 - -5332. What is the ten thousands digit of y?
1
Suppose 3*u - 2*a = -3*a + 109, -5*a = 5*u - 185. Let z = u + -42. What is the tens digit of 2/12 - z/((-108)/(-429))?
2
Let z(y) = -11*y + 61. Let q be z(-19). Suppose -2*s = -1002 - q. What is the hundreds digit of s?
6
What is the units digit of 13457*1*-27*32/(-864)?
7
What is the units digit of 2*(-2)/(-38) + 270244403/11077?
7
Suppose 15 = -14*d + 19*d. Let j(q) = 7*q**2 + 13*q - 30. Let g(x) = 4*x**2 + 6*x - 15. Let t(f) = d*j(f) - 5*g(f). What is the tens digit of t(7)?
9
Let u be (-4)/20 + 1458/(-10). Let z = 674 - 1043. Let i = u - z. What is the tens digit of i?
2
Suppose 5*w - 5*n + 1285 = 0, w - n = -w - 512. Let d = w - -149. What is the tens digit of ((-11)/(55/20))/(2/d)?
1
Let a be ((-492)/6)/(2/(-12)). Let h = a - 293. What is the units digit of h?
9
Suppose 39*c - 363339 = -107850. What is the thousands digit of c?
6
Let r be (-32)/24*3*(-1)/(-2). What is the units digit of ((-726)/88)/(r/88)?
3
Suppose 806*k + 4*l - 3456 = 802*k, -3*l = k - 868. What is the tens digit of k?
6
Let t(o) = 38*o + 8. Suppose 2*c = -5*h + 10, -3*c - c - 8 = 3*h. Let q be t(h). Suppose 107 = 3*n - q. What is the tens digit of n?
8
Suppose 151*j - 945617 = 2981138. What is the ten thousands digit of j?
2
Let l = 15 - 27. Let d(n) = -18*n**2 - 34*n + 98. Let f(o) = 8*o**2 + 16*o - 43. Let p(k) = 3*d(k) + 7*f(k). What is the hundreds digit of p(l)?
1
Suppose -19*j + 30 = -14*j. Let v be ((-87)/j + 1)*-4. Let g = v + 28. What is the units digit of g?
2
Let d(j) = 16*j - 11. Let m(f) = -12*f - 6. Let r be m(1). Let a be (r/(-15))/(2/10). What is the units digit of d(a)?
5
Suppose -4*a - 94 = -298. Let l = a - 46. Suppose 4*s + 49 = v + 3*s, 0 = 3*v - l*s - 141. What is the tens digit of v?
5
What is the tens digit of (8 - (-46)/(-5))/(2/(-7130))?
7
Let q(d) = d**3 + 13*d**2 + 4*d + 3. Let z(x) = -2*x - 8. Let j be z(-4). Suppose g + j = 4, n - 5*g = -32. What is the tens digit of q(n)?
9
Suppose 0*v - 9 = -3*v - 3*a, 9 = v - 5*a. Suppose 2*q - v*q = -412. Let l = -114 + q. What is the units digit of l?
2
What is the tens digit of 88/(-2)*((-1537)/10 - 717/2390)?
7
Suppose -18*k + 27 + 27 = 0. Suppose -3*x = k*v - 7*x - 3935, -3*x + 2629 = 2*v. What is the tens digit of v?
1
Let n = 17302 + -5112. What is the thousands digit of n?
2
Let g(i) = i**2 + 13*i - 28. Let s be g(-15). Suppose -2*c = s*p - 796, 3*p + 658 = 3*c + 1840. What is the tens digit of p?
9
What is the hundreds digit of (87/58 - 22542/(-4)) + -7?
6
Let h(s) = -6*s**3 + 12*s**2 + 6*s. What is the hundreds digit of h(-17)?
8
What is the hundreds digit of (-5 + 18832/(-12))/(55/(-990))?
3
Suppose 4*v - 15*m = -13*m + 99228, -5*m = -40. What is the units digit of v?
1
Let m = 449 + -247. Let n = m + 80. What is the hundreds digit of n?
2
Suppose 19 = 5*a - 2*s, -5*a + 2*s + 2*s = -13. Suppose a*t = 10 - 0. What is the tens digit of t + 1100/14 - 21/(-49)?
8
What is the tens digit of ((9 - -26) + 9)/((-4)/(-1854)) - 4?
9
Suppose 12 = 4*y - 0*y + 2*p, 3*y - 12 = -3*p. Suppose -1553 = y*g - 4*g - 5*t, 5*t = -4*g + 3101. What is the tens digit of g?
7
Let v = -12924 + 17082. What is the thousands digit of v?
4
What is the units digit of (98/42)/((-2)/(-20328))?
6
Let r(k) = -k**3 - 12*k**2 + 17*k + 15. Let p be r(-13). Let y = p + 40. Suppose 1778 = y*g + 11*g. What is the hundreds digit of g?
1
Let b(j) = -24*j - 184. Let m be b(0). What is the tens digit of (-3)/(-8) + (-118059)/m?
4
Let m = 39 - 37. Let j be -559*m + 64/16. What is the units digit of j/(-10) + 42/70?
2
Let n = -573 - -112. Let r = n + 693. What is the hundreds digit of r?
2
Let o = 22649 + -4092. What is the thousands digit of o?
8
Suppose 2*b + 722 = 4*s, s + 3*b - 697 = -3*s. Suppose i - s = -x, 3*x - 4*i - 744 = -x. Let d = -53 + x. What is the hundreds digit of d?
1
Suppose 2*o = 3*m + 213, -5*m + 2*m + 342 = 3*o. Let f = o + 39. What is the units digit of f?
0
Let m = 30478 - 25527. What is the tens digit of m?
5
Suppose -6*z + 3*z + 141 = 0. Let d = z + -30. What is the tens digit of (-2 - (0 - 3))*(90 - d)?
7
Suppose -14009 = -2*v + 2*n + 3193, -5*n = 2*v - 17195. What is the thousands digit of v?
8
Let n = -87 - -325. Suppose 21*d = 4*d + n. What is the tens digit of d?
1
Let s(n) = 5*n - 5. Let p be s(1). Suppose -34*l + 49*l - 2535 = p. What is the hundreds digit of l?
1
Let w(s) = 2*s**2 + 26*s + 27. Let b be w(-12). Suppose -l = 3*v - 1676, 2381 = b*v + 2*l + 700. What is the tens digit of v?
5
Suppose 3*o - 1 + 7 = 0. Let c(a) = 10*a + 3. Let h be c(o). What is the tens digit of 5/(25/15) - h?
2
Let y(c) = 11*c**2 + 80*c + 10668. What is the ten thousands digit of y(-81)?
7
Suppose -10*b - 5*b = -35*b + 171640. What is the thousands digit of b?
8
Let v(o) = -17*o - 31. Let p(n) = 2*n**2 - 12*n - 10. Let t be p(7). Suppose 40 = -5*l - 3*j, 2*l + t*j + 22 = -8. What is the units digit of v(l)?
4
Let z(g) = -33*g**3 + 50 + 64*g**3 - 32*g**3 + g**2 + 9. Let s be ((-2 + 2)/3)/1. What is the units digit of z(s)?
9
What is the ten thousands digit of 4*((-435590)/40 + 4)*-1?
4
Let f = -660 - -9139. What is the hundreds digit of f?
4
Suppose 0*s + 44 = -11*s. Let x(h) = 10*h**2 + 4*h - 6. Let y be x(s). Let o = y - 33. What is the tens digit of o?
0
Suppose -6*k = -k - 35. Let x(l) = 295*l**3 - l - 9*l**2 + 20 - 294*l**3 + k*l. What is the tens digit of x(9)?
7
Let s(g) = g**2 + 41*g - 58. Let m = -330 - -287. What is the units digit of s(m)?
8
Suppose -2*u = 4*a - 24092, -4*a - 127 + 143 = 0. What is the ten thousands digit of u?
1
Suppose -3*l + 18 = -9. What is the units digit of 4604/l + 16/36?
2
Let s be (-3 - 0) + 7/(7/10). Let w be s - (4 + (-3 - -2)*1). Suppose -w*x + 417 = -75. What is the hundreds digit of x?
1
Suppose -r = 3*b - 60304, 0 = -8*r + 14*r - 42. What is the thousands digit of b?
0
Let k = -43 + 57. Let u(f) = 9*f + 8. Let x be u(k). Suppose -3*r = -2*t + x, 2*r = -r. What is the tens digit of t?
6
Let q = 6526 + 9557. What is the thousands digit of q?
6
Let f = -2045 - -3249. Suppose 7*v = 3*v + f. What is the units digit of v?
1
Let n(o) = 205*o**3 - 7*o**2 + 17*o - 10. What is the thousands digit of n(2)?
1
Let b(i) = -i**2 - 31*i + 15. Let w(d) = -3*d**3 + 2*d**2 + 6*d - 15. Let x be w(2). What is the hundreds digit of b(x)?
2
Let o = -79868 + 112841. What is the units digit of o?
3
Suppose -4*l = 2*c - 4, -l = 5*c - 30 + 11. Suppose -c*u + 68 = i, 0*i - 132 = -2*i - 4*u. What is the units digit of i?
4
Let k be (-2 - -9) + (-1)/1. Suppose x = -3*d - 3, 3*x + 3*d = -x + k. Let p(t) = 11*t + 3. What is the tens digit of p(x)?
3
Let o(y) = 11*y - 43. Let x be o(-5). Let i = x + 345. What is the tens digit of i?
4
Let l = 376 + -274. Suppose 1155 = 107*a - l*a. What is the units digit of a?
1
What is the units digit of 12185 + 5*((-81)/45)/3?
2
Let v(f) = 2*f**2 - 10*f + 12. Let s be v(3). What is the hundreds digit of -3*((-4)/(-4) - s) - -158?
1
Let c be ((-16)/(-10))/(1 + 21/(-15)). What is the tens digit of ((-10)/1)/(c/72)?
8
Suppose 2*c - 3 - 1 = -2*r, 3*r = 4*c - 22. Suppose -a = c*a - 180. Let b = 59 - a. What is the tens digit of b?
2
Suppose -11*c - 349 - 509 = 0. Let s = c + 118. What is the units digit of s?
0
Let x(t) = 1423*t**2 + 6*t. What is the tens digit of x(2)?
0
Let x(d) be the third derivative of d**6/120 + 11*d**5/60 - 5*d**3/2 - 76*d**2. What is the hundreds digit of x(8)?
2
Let r = -240 + 244. Suppose -r*o - 2*c + 934 = 0, 3*c = o - c - 211. What is the hundreds digit of o?
